*a = -b*a + 5. What is the remainder when 1 is divided by a?
0
Let m = 99 - 62. Calculate the remainder when m is divided by (-6)/15 - (-104)/10.
7
Let d(o) = 2*o**2 - 69*o + 118. What is the remainder when d(34) is divided by 6*15/3*1?
24
Let v = -13 + 85. Suppose 8*c = 56 + v. Let m = -25 + 55. What is the remainder when m is divided by c?
14
Let s(a) = -2*a**2 - a + 94. Calculate the remainder when 277 is divided by s(0).
89
Let q = -31 - -35. Suppose 13 = -q*a - m, -2 = 5*m + 3. Calculate the remainder when a - -7 - 5 - -20 is divided by 10.
9
Suppose -4*b + 2*b = -68. Let p = 360 - 351. Calculate the remainder when b is divided by p.
7
Let x(o) = o**2 - 2*o - 2. Calculate the remainder when x(15) is divided by 14.
11
Let k(n) = n**2 + 3*n - 6. Suppose -4*a - 35 = -3*j, 4*a = -2*j - 0*j - 10. Calculate the remainder when 10 is divided by k(a).
2
Let l(i) = -5*i**2 + 3*i + 184. Let a(o) = 2*o**2 - o - 61. Let j(n) = 8*a(n) + 3*l(n). What is the remainder when j(0) is divided by 11?
9
What is the remainder when 221 is divided by (-3 + 2 - 2)/((-39)/962)?
73
Let c be (-12)/4*(-2)/6. Calculate the remainder when (-72)/21*-7*c is divided by 18/3 + 6/2.
6
Suppose -2*z = -j - 125, -5*j - 247 = -0*z - 4*z. Suppose -6 = -7*b + 22. Suppose 20 = b*u, 3*m - 3*u + 9 = 27. What is the remainder when z is divided by m?
8
Let w(v) = -2*v**2 + 67*v + 89. Calculate the remainder when w(31) is divided by 40.
4
Let c(j) = -j**3 - 5*j**2 + 7. Suppose 4*a - 4*u = 112, -4*a + 119 = -0*u + 3*u. Suppose -4*p = -109 + a. Calculate the remainder when p is divided by c(-5).
6
Let n(w) = w**3 - 13*w**2 - 28*w - 3. Suppose -s = -58 - 103. What is the remainder when s is divided by n(15)?
26
Let a(u) = u**2 + 4*u - 8. Let z(t) = 76*t + 3397. Calculate the remainder when z(-44) is divided by a(-6).
1
Let i be 16/4 - (-5 + 2). What is the remainder when -1*(-7)/(i/26) is divided by 7?
5
Let t(c) = c**3 + 22*c**2 - c + 21. What is the remainder when 382 is divided by t(-22)?
38
Suppose 0 = 4*h + h + 180. Let y be (-2)/8 - 225/h. Suppose t + 50 = y*t. What is the remainder when 36 is divided by t?
6
Let f(m) = -4*m + m**2 + 2 + m**2 + 3 - 3*m**2. Let b = -19 + 37. What is the remainder when b is divided by f(-4)?
3
Suppose 0 = -o - 7 + 22. Let j = o + 28. What is the remainder when j is divided by 15?
13
Suppose 37 = 2*g - 3*r, 8*g - 4*g = -4*r + 24. Let d = 44 - 15. What is the remainder when d is divided by g?
7
Let z(x) = x**2 + 3*x. Let k be z(-4). Suppose 5*i = k*i + 113. What is the remainder when i is divided by 29?
26
Suppose 3*p + 37 = -2. Let m be (-5 + 0)/((-15)/(-90)). Let g = p - m. What is the remainder when 65 is divided by g?
14
Suppose -397 = -5*h + 2*w, -2*h - 2*h - 4*w = -312. Suppose -h = -5*i + 41. What is the remainder when (46/(-3))/(4/(-18)) is divided by i?
21
Let i(t) = t - 2. Let f be i(6). Suppose 3*j + 10 - 52 = -f*m, -3*j = -4*m + 54. Calculate the remainder when 22 is divided by m.
10
Let i(u) = -5*u - 11. Let l(k) = 11*k + 24. Let z(n) = -5*i(n) - 2*l(n). What is the remainder when 129 is divided by z(4)?
15
Suppose -71 = 4*l + 2*s - 377, -5*l - 3*s = -381. Calculate the remainder when 180 is divided by l.
24
Suppose 0*p - 8 = -2*p. Let h(k) = -k**2 - 22*k - 13. Let s(w) = -11*w - 6. Let c(v) = -2*h(v) + 5*s(v). What is the remainder when p is divided by c(6)?
0
Let c be (-8)/40 + (-34)/5. Let l = c + 11. Suppose l*k - 81 = k. Calculate the remainder when k is divided by 10.
7
Let h(a) = a + 6. Let w be h(-2). Let o(f) = 4*f. What is the remainder when 30 is divided by o(w)?
14
Suppose -32 = -11*b + 287. Calculate the remainder when 201 is divided by b.
27
Suppose 0 = -d + 2 - 2. Suppose d = -2*u + n + 81, -2*u = 2*u + n - 147. Calculate the remainder when 149 is divided by u.
35
Suppose 434*w + 119 = 451*w. Calculate the remainder when 93 is divided by w.
2
Let q be 2 - (-3 + 1)/(-1). Let v be 7/14*2/(-6)*0. Suppose v = i - q*i - 1. Calculate the remainder when 2 is divided by i.
0
Let v(d) = 2*d**2 - 37. What is the remainder when 312 is divided by v(6)?
32
Suppose 5*c - 4*i = 5 - 3, -c - 2 = -2*i. Suppose -2*j + 2 = -4*w, c*j = -4*w - 3*j + 33. What is the remainder when w is divided by 1?
0
Suppose 0 = 4*t - 0 + 4. Let c = 32 - t. Calculate the remainder when c is divided by 17.
16
Let x(p) = -3*p - 78. Suppose -l + 14 = -4*a - 7, 24 = l - 5*a. What is the remainder when x(-34) is divided by l?
6
Suppose -i + 446 = -4*w, -3*i = -i - 5*w - 892. Suppose 0 = 5*y + 414 + i. Let d = 244 + y. Calculate the remainder when d is divided by 25.
22
Suppose 0 = 5*n + o - 74, 48*o - 44*o - 26 = -2*n. Let l(u) = 1 - 2 - 6 + 2*u**2. What is the remainder when l(-5) is divided by n?
13
Let n(f) = f**2 - 4*f - 5. Let t be n(-5). Suppose -3*r - 2*r + t = 0. Calculate the remainder when (-6)/(-4) + 165/6 is divided by r.
5
Suppose 0*a - 4*k + 38 = 2*a, -2*a + 4*k = -30. Let d = a - 14. Suppose -d*q - 18 = -72. What is the remainder when 71 is divided by q?
17
Suppose -69*h - 524 = -2456. Calculate the remainder when 33 is divided by h.
5
Let h = -21 + 81. Let c = 23 - -12. What is the remainder when c is divided by h/8*32/20?
11
Let r(g) = -2*g + 15. Let i be r(8). Calculate the remainder when (-48)/64 + 171/4 is divided by 4/i*88/(-32).
9
Let f(z) be the second derivative of -z**4/12 - 7*z**3/3 - 17*z**2/2 - 14*z. What is the remainder when 121 is divided by f(-6)?
28
Suppose 3*l = 8*l - 30. Let q(w) = w**3 - w**2 - 5*w + 2. Calculate the remainder when q(4) is divided by 16/3*9/l.
6
Let u(v) = v**3 + 17*v**2 - 19*v - 3. Calculate the remainder when 162 is divided by u(-18).
12
Let o be (-3)/(-2)*(-1000)/(-30). Let y = o + -36. What is the remainder when 52 is divided by y?
10
Suppose g - 985 = -947. What is the remainder when 120 is divided by g?
6
Calculate the remainder when 93 is divided by 112/(-140)*(-610)/8.
32
Let i(d) = 2*d**3 + 2*d**2 - 9*d + 5. Calculate the remainder when 40 is divided by i(2).
7
Let u(k) = 15*k**2 - 29*k + 24. Let v(m) = 8*m**2 - 15*m + 12. Let b(c) = 6*u(c) - 11*v(c). Calculate the remainder when 11 is divided by b(4).
3
Let r(s) = s**3 - 55*s**2 + 61*s - 36. Calculate the remainder when r(54) is divided by 62.
32
Suppose -43 + 11 = -4*p. Let i = 45 - p. What is the remainder when i is divided by 13?
11
Let t(i) = i**3 - 8*i**2 + 8*i - 10. Let l be t(7). Let y(a) = 4 + 1 + 7*a**2 - 6 + 4. What is the remainder when y(l) is divided by 17?
15
Let p(d) = -2*d**2 - 31*d - 36. What is the remainder when p(-10) is divided by 21?
11
Suppose -2 = -9*g + 70. Let k(j) = 2*j + 13. What is the remainder when k(9) is divided by g?
7
Suppose 2*u + 3*t = 5*t + 4, u - 22 = -3*t. Suppose -5*r - 28 = -u*r. Calculate the remainder when ((-2)/(-5))/(5/650) is divided by r.
10
Let o = 16 - 0. Let a = -5 - -18. Suppose x = 49 + a. Calculate the remainder when x is divided by o.
14
Let i = -235 - -330. What is the remainder when i is divided by 28?
11
Let b = -34 + 28. Let r be (-2 - 2)*6/(-8). What is the remainder when (-10)/r*b/4 is divided by 4?
1
Let d be 144/2 - 0/((-2)/2). Let x = -62 + d. Calculate the remainder when x is divided by (1*-2)/((-1)/2).
2
Let l(o) = -o - 13. Let y be l(15). Let f = y - -53. Calculate the remainder when 123 is divided by f.
23
Let v = -43 + 51. Suppose t - 5*m - 20 = 0, -3*m - 34 = -t - 10. What is the remainder when t is divided by v?
6
Let j = -7 + 17. Let v(i) = i**3 - 37*i**2 + 155*i + 177. Calculate the remainder when v(32) is divided by j.
7
Suppose 32 = 3*t + 23. Calculate the remainder when 4 is divided by t*(-8)/9*(-15)/20.
0
Calculate the remainder when (-24282)/(-180) - (-1)/10 is divided by 71.
64
Let o = -31 - -21. Calculate the remainder when (-4)/(2*3/(-12)) is divided by (0 + 1)/(o/(-30)).
2
Suppose 5*w + 7 = -q + 2*w, 4*q + 5*w = -42. Let z = q - -17. Calculate the remainder when 44 is divided by (10/z)/(8/48).
14
Let w(i) = 2*i**2 - 8*i - 3. Let c = 9 - 12. What is the remainder when 153 is divided by w(c)?
36
Suppose 6*g - 327 = 33. Calculate the remainder when (20/g)/(2/252) is divided by 5.
2
Let v(f) = f**3 - 3*f + 12. Let d be v(0). What is the remainder when 20 is divided by 1*(d - (-3 + (-1 - -5)))?
9
Let g = 2289 + -1536. What is the remainder when g is divided by 84?
81
Suppose -4